{"id":8,"date":"2025-06-19T10:21:51","date_gmt":"2025-06-19T13:21:51","guid":{"rendered":"https:\/\/odics.ufro.cl\/?page_id=8"},"modified":"2025-07-10T18:35:56","modified_gmt":"2025-07-10T21:35:56","slug":"home","status":"publish","type":"page","link":"https:\/\/odics.ufro.cl\/","title":{"rendered":"Inicio"},"content":{"rendered":"\t\t<div data-elementor-type=\"wp-page\" data-elementor-id=\"8\" class=\"elementor elementor-8\" data-elementor-post-type=\"page\">\n\t\t\t\t<div class=\"elementor-element elementor-element-febadde e-flex e-con-boxed e-con e-parent\" data-id=\"febadde\" data-element_type=\"container\" data-settings=\"{&quot;background_background&quot;:&quot;video&quot;,&quot;background_video_link&quot;:&quot;https:\\\/\\\/youtu.be\\\/Ru99wH891ho&quot;,&quot;background_video_start&quot;:0,&quot;background_video_end&quot;:30,&quot;background_play_on_mobile&quot;:&quot;yes&quot;}\">\n\t\t\t\t\t<div class=\"e-con-inner\">\n\t\t<div class=\"elementor-background-video-container\">\n\t\t\t\t\t\t\t<div class=\"elementor-background-video-embed\"><\/div>\n\t\t\t\t\t\t<\/div><div class=\"elementor-element elementor-element-8e78b23 e-con-full e-flex e-con e-child\" data-id=\"8e78b23\" data-element_type=\"container\" data-settings=\"{&quot;background_background&quot;:&quot;video&quot;}\">\n\t\t\t\t<div class=\"elementor-element elementor-element-7d17862 elementor-widget elementor-widget-image\" data-id=\"7d17862\" data-element_type=\"widget\" data-widget_type=\"image.default\">\n\t\t\t\t<div class=\"elementor-widget-container\">\n\t\t\t\t\t\t\t\t\t\t\t\t\t\t\t<img decoding=\"async\" src=\"https:\/\/odics.ufro.cl\/wp-content\/uploads\/elementor\/thumbs\/Logo-home-r7i3mbhgwbbc5rwlr1umg27ztkttcu0x6klezj55pq.png\" title=\"Logo home\" alt=\"Logo home\" loading=\"lazy\" \/>\t\t\t\t\t\t\t\t\t\t\t\t\t\t\t<\/div>\n\t\t\t\t<\/div>\n\t\t\t\t<\/div>\n\t\t<div class=\"elementor-element elementor-element-15af8d1 e-con-full e-flex e-con e-child\" data-id=\"15af8d1\" data-element_type=\"container\">\n\t\t\t\t<div class=\"elementor-element elementor-element-d2d315b elementor-widget elementor-widget-heading\" data-id=\"d2d315b\" data-element_type=\"widget\" data-widget_type=\"heading.default\">\n\t\t\t\t<div class=\"elementor-widget-container\">\n\t\t\t\t\t<h2 class=\"elementor-heading-title elementor-size-default\">Observatorio en Innovaci\u00f3n Digital y Cambio Social<\/h2>\t\t\t\t<\/div>\n\t\t\t\t<\/div>\n\t\t\t\t<\/div>\n\t\t\t\t\t<\/div>\n\t\t\t\t<\/div>\n\t\t<div class=\"elementor-element elementor-element-491502a e-flex e-con-boxed e-con e-parent\" data-id=\"491502a\" data-element_type=\"container\" data-settings=\"{&quot;background_background&quot;:&quot;classic&quot;}\">\n\t\t\t\t\t<div class=\"e-con-inner\">\n\t\t<div class=\"elementor-element elementor-element-cac89d1 e-con-full e-flex e-con e-child\" data-id=\"cac89d1\" data-element_type=\"container\" data-settings=\"{&quot;background_background&quot;:&quot;classic&quot;}\">\n\t\t\t\t<\/div>\n\t\t<div class=\"elementor-element elementor-element-4bb68fd e-con-full e-flex e-con e-child\" data-id=\"4bb68fd\" data-element_type=\"container\">\n\t\t\t\t<div class=\"elementor-element elementor-element-1d8aaf8 elementor-widget elementor-widget-heading\" data-id=\"1d8aaf8\" data-element_type=\"widget\" data-widget_type=\"heading.default\">\n\t\t\t\t<div class=\"elementor-widget-container\">\n\t\t\t\t\t<h2 class=\"elementor-heading-title elementor-size-default\">El observatorio<\/h2>\t\t\t\t<\/div>\n\t\t\t\t<\/div>\n\t\t\t\t<div class=\"elementor-element elementor-element-5a7cbaa elementor-widget__width-initial elementor-widget elementor-widget-text-editor\" data-id=\"5a7cbaa\" data-element_type=\"widget\" data-widget_type=\"text-editor.default\">\n\t\t\t\t<div class=\"elementor-widget-container\">\n\t\t\t\t\t\t\t\t\t<p>Nace a prop\u00f3sito de la irrupci\u00f3n de las tecnolog\u00edas, especialmente la inteligencia artificial (IA) y plataformas infocomunicacionales, una cantidad creciente de \u00e1reas productivas y humanas, lo cual impacta en los procesos y la calidad de vida de las personas.<\/p>\t\t\t\t\t\t\t\t<\/div>\n\t\t\t\t<\/div>\n\t\t\t\t<\/div>\n\t\t\t\t\t<\/div>\n\t\t\t\t<\/div>\n\t\t<div class=\"elementor-element elementor-element-b61d57d e-flex e-con-boxed e-con e-parent\" data-id=\"b61d57d\" data-element_type=\"container\" data-settings=\"{&quot;background_background&quot;:&quot;classic&quot;}\">\n\t\t\t\t\t<div class=\"e-con-inner\">\n\t\t<div class=\"elementor-element elementor-element-05d1c77 e-con-full e-flex e-con e-child\" data-id=\"05d1c77\" data-element_type=\"container\" data-settings=\"{&quot;background_background&quot;:&quot;classic&quot;}\">\n\t\t\t\t<\/div>\n\t\t<div class=\"elementor-element elementor-element-076e8b6 e-con-full e-flex e-con e-child\" data-id=\"076e8b6\" data-element_type=\"container\">\n\t\t\t\t<div class=\"elementor-element elementor-element-3c70487 elementor-widget elementor-widget-heading\" data-id=\"3c70487\" data-element_type=\"widget\" data-widget_type=\"heading.default\">\n\t\t\t\t<div class=\"elementor-widget-container\">\n\t\t\t\t\t<h2 class=\"elementor-heading-title elementor-size-default\">Descripci\u00f3n<\/h2>\t\t\t\t<\/div>\n\t\t\t\t<\/div>\n\t\t\t\t<div class=\"elementor-element elementor-element-ec5db5a elementor-widget__width-initial elementor-widget elementor-widget-text-editor\" data-id=\"ec5db5a\" data-element_type=\"widget\" data-widget_type=\"text-editor.default\">\n\t\t\t\t<div class=\"elementor-widget-container\">\n\t\t\t\t\t\t\t\t\t<p>Es un equipo colaborativo e interdisciplinario de profesionales y acad\u00e9micos de la Universidad de La Frontera, comprometidos con la formaci\u00f3n en\u00a0 la innovaci\u00f3n, innovaci\u00f3n social y emprendimiento, y la investigaci\u00f3n, sobre los impactos de las tecnolog\u00edas en \u00e1mbitos como la cultura; las discursividades p\u00fablicas; el sistema informativo nacional; la creaci\u00f3n y utilizaci\u00f3n de herramientas digitales para fines sociales; las innovaciones sociales, epistemol\u00f3gicas y metodol\u00f3gicas; los procesos de emprendimiento y creatividad; y los marcos legales y \u00e9ticos que se establecen con fines regulatorios en Chile y el extranjero, entre otros aspectos de inter\u00e9s ligados a la irrupci\u00f3n y masificaci\u00f3n de tecnolog\u00edas emergentes.<\/p>\t\t\t\t\t\t\t\t<\/div>\n\t\t\t\t<\/div>\n\t\t\t\t<\/div>\n\t\t\t\t\t<\/div>\n\t\t\t\t<\/div>\n\t\t<div class=\"elementor-element elementor-element-eca39e9 e-flex e-con-boxed e-con e-parent\" data-id=\"eca39e9\" data-element_type=\"container\">\n\t\t\t\t\t<div class=\"e-con-inner\">\n\t\t<div class=\"elementor-element elementor-element-46cff2f e-con-full e-flex e-con e-child\" data-id=\"46cff2f\" data-element_type=\"container\">\n\t\t\t\t<\/div>\n\t\t<div class=\"elementor-element elementor-element-ab6047e e-con-full e-flex e-con e-child\" data-id=\"ab6047e\" data-element_type=\"container\">\n\t\t\t\t<div class=\"elementor-element elementor-element-78bdb0a elementor-grid-3 elementor-grid-tablet-2 elementor-grid-mobile-1 elementor-posts--thumbnail-top elementor-posts__hover-gradient elementor-widget elementor-widget-posts\" data-id=\"78bdb0a\" data-element_type=\"widget\" data-settings=\"{&quot;cards_columns&quot;:&quot;3&quot;,&quot;cards_columns_tablet&quot;:&quot;2&quot;,&quot;cards_columns_mobile&quot;:&quot;1&quot;,&quot;cards_row_gap&quot;:{&quot;unit&quot;:&quot;px&quot;,&quot;size&quot;:35,&quot;sizes&quot;:[]},&quot;cards_row_gap_tablet&quot;:{&quot;unit&quot;:&quot;px&quot;,&quot;size&quot;:&quot;&quot;,&quot;sizes&quot;:[]},&quot;cards_row_gap_mobile&quot;:{&quot;unit&quot;:&quot;px&quot;,&quot;size&quot;:&quot;&quot;,&quot;sizes&quot;:[]}}\" data-widget_type=\"posts.cards\">\n\t\t\t\t<div class=\"elementor-widget-container\">\n\t\t\t\t\t\t\t<div class=\"elementor-posts-container elementor-posts elementor-posts--skin-cards elementor-grid\">\n\t\t\t\t<article class=\"elementor-post elementor-grid-item post-622 post type-post status-publish format-standard has-post-thumbnail hentry category-sin-categoria\">\n\t\t\t<div class=\"elementor-post__card\">\n\t\t\t\t<a class=\"elementor-post__thumbnail__link\" href=\"https:\/\/odics.ufro.cl\/?p=622\" tabindex=\"-1\" ><div class=\"elementor-post__thumbnail\"><img fetchpriority=\"high\" decoding=\"async\" width=\"300\" height=\"225\" src=\"https:\/\/odics.ufro.cl\/wp-content\/uploads\/2025\/11\/3-300x225.jpg\" class=\"attachment-medium size-medium wp-image-625\" alt=\"\" srcset=\"https:\/\/odics.ufro.cl\/wp-content\/uploads\/2025\/11\/3-300x225.jpg 300w, https:\/\/odics.ufro.cl\/wp-content\/uploads\/2025\/11\/3-1024x768.jpg 1024w, https:\/\/odics.ufro.cl\/wp-content\/uploads\/2025\/11\/3-768x576.jpg 768w, https:\/\/odics.ufro.cl\/wp-content\/uploads\/2025\/11\/3-1536x1152.jpg 1536w, https:\/\/odics.ufro.cl\/wp-content\/uploads\/2025\/11\/3-2048x1536.jpg 2048w\" sizes=\"(max-width: 300px) 100vw, 300px\" \/><\/div><\/a>\n\t\t\t\t<div class=\"elementor-post__text\">\n\t\t\t\t<h3 class=\"elementor-post__title\">\n\t\t\t<a href=\"https:\/\/odics.ufro.cl\/?p=622\" >\n\t\t\t\tSemana de investigaci\u00f3n internacional en el Campus Puc\u00f3n UFRO en torno al proyecto FOVI 240285 ANID\t\t\t<\/a>\n\t\t<\/h3>\n\t\t\t\t<div class=\"elementor-post__excerpt\">\n\t\t\t<p>Semana de investigaci\u00f3n internacional en el Campus Puc\u00f3n UFRO en torno al proyecto FOVI 240285 ANID La instancia reuni\u00f3 a investigadores y acad\u00e9micos de distintas<\/p>\n\t\t<\/div>\n\t\t\t\t\t<div class=\"elementor-post__read-more-wrapper\">\n\t\t\n\t\t<a class=\"elementor-post__read-more\" href=\"https:\/\/odics.ufro.cl\/?p=622\" aria-label=\"Read more about Semana de investigaci\u00f3n internacional en el Campus Puc\u00f3n UFRO en torno al proyecto FOVI 240285 ANID\" tabindex=\"-1\" >\n\t\t\tLeer m\u00e1s\t\t<\/a>\n\n\t\t\t\t\t<\/div>\n\t\t\t\t<\/div>\n\t\t\t\t<div class=\"elementor-post__meta-data\">\n\t\t\t\t\t<span class=\"elementor-post-date\">\n\t\t\t7 de Noviembre de 2025\t\t<\/span>\n\t\t\t\t<span class=\"elementor-post-avatar\">\n\t\t\tSin Comentarios\t\t<\/span>\n\t\t\t\t<\/div>\n\t\t\t\t\t<\/div>\n\t\t<\/article>\n\t\t\t\t<article class=\"elementor-post elementor-grid-item post-614 post type-post status-publish format-standard has-post-thumbnail hentry category-sin-categoria\">\n\t\t\t<div class=\"elementor-post__card\">\n\t\t\t\t<a class=\"elementor-post__thumbnail__link\" href=\"https:\/\/odics.ufro.cl\/?p=614\" tabindex=\"-1\" ><div class=\"elementor-post__thumbnail\"><img decoding=\"async\" width=\"300\" height=\"225\" src=\"https:\/\/odics.ufro.cl\/wp-content\/uploads\/2025\/10\/Imagen-de-WhatsApp-2025-10-20-a-las-16.39.39_4466a684-300x225.jpg\" class=\"attachment-medium size-medium wp-image-616\" alt=\"\" srcset=\"https:\/\/odics.ufro.cl\/wp-content\/uploads\/2025\/10\/Imagen-de-WhatsApp-2025-10-20-a-las-16.39.39_4466a684-300x225.jpg 300w, https:\/\/odics.ufro.cl\/wp-content\/uploads\/2025\/10\/Imagen-de-WhatsApp-2025-10-20-a-las-16.39.39_4466a684-1024x768.jpg 1024w, https:\/\/odics.ufro.cl\/wp-content\/uploads\/2025\/10\/Imagen-de-WhatsApp-2025-10-20-a-las-16.39.39_4466a684-768x576.jpg 768w, https:\/\/odics.ufro.cl\/wp-content\/uploads\/2025\/10\/Imagen-de-WhatsApp-2025-10-20-a-las-16.39.39_4466a684-1536x1152.jpg 1536w, https:\/\/odics.ufro.cl\/wp-content\/uploads\/2025\/10\/Imagen-de-WhatsApp-2025-10-20-a-las-16.39.39_4466a684.jpg 1600w\" sizes=\"(max-width: 300px) 100vw, 300px\" \/><\/div><\/a>\n\t\t\t\t<div class=\"elementor-post__text\">\n\t\t\t\t<h3 class=\"elementor-post__title\">\n\t\t\t<a href=\"https:\/\/odics.ufro.cl\/?p=614\" >\n\t\t\t\tODICS celebra su primer aniversario impulsando la innovaci\u00f3n social y el cambio\t\t\t<\/a>\n\t\t<\/h3>\n\t\t\t\t<div class=\"elementor-post__excerpt\">\n\t\t\t<p>ODICS celebra su primer aniversario impulsando la innovaci\u00f3n social y el cambio El pasado 2 de octubre, el Observatorio de Innovaci\u00f3n Social y Cambio Social<\/p>\n\t\t<\/div>\n\t\t\t\t\t<div class=\"elementor-post__read-more-wrapper\">\n\t\t\n\t\t<a class=\"elementor-post__read-more\" href=\"https:\/\/odics.ufro.cl\/?p=614\" aria-label=\"Read more about ODICS celebra su primer aniversario impulsando la innovaci\u00f3n social y el cambio\" tabindex=\"-1\" >\n\t\t\tLeer m\u00e1s\t\t<\/a>\n\n\t\t\t\t\t<\/div>\n\t\t\t\t<\/div>\n\t\t\t\t<div class=\"elementor-post__meta-data\">\n\t\t\t\t\t<span class=\"elementor-post-date\">\n\t\t\t20 de Octubre de 2025\t\t<\/span>\n\t\t\t\t<span class=\"elementor-post-avatar\">\n\t\t\tSin Comentarios\t\t<\/span>\n\t\t\t\t<\/div>\n\t\t\t\t\t<\/div>\n\t\t<\/article>\n\t\t\t\t<article class=\"elementor-post elementor-grid-item post-576 post type-post status-publish format-standard has-post-thumbnail hentry category-sin-categoria\">\n\t\t\t<div class=\"elementor-post__card\">\n\t\t\t\t<a class=\"elementor-post__thumbnail__link\" href=\"https:\/\/odics.ufro.cl\/?p=576\" tabindex=\"-1\" ><div class=\"elementor-post__thumbnail\"><img decoding=\"async\" width=\"300\" height=\"225\" src=\"https:\/\/odics.ufro.cl\/wp-content\/uploads\/2025\/07\/Argentina1-300x225.jpg\" class=\"attachment-medium size-medium wp-image-577\" alt=\"\" srcset=\"https:\/\/odics.ufro.cl\/wp-content\/uploads\/2025\/07\/Argentina1-300x225.jpg 300w, https:\/\/odics.ufro.cl\/wp-content\/uploads\/2025\/07\/Argentina1-1024x768.jpg 1024w, https:\/\/odics.ufro.cl\/wp-content\/uploads\/2025\/07\/Argentina1-768x576.jpg 768w, https:\/\/odics.ufro.cl\/wp-content\/uploads\/2025\/07\/Argentina1-1536x1152.jpg 1536w, https:\/\/odics.ufro.cl\/wp-content\/uploads\/2025\/07\/Argentina1-2048x1536.jpg 2048w\" sizes=\"(max-width: 300px) 100vw, 300px\" \/><\/div><\/a>\n\t\t\t\t<div class=\"elementor-post__text\">\n\t\t\t\t<h3 class=\"elementor-post__title\">\n\t\t\t<a href=\"https:\/\/odics.ufro.cl\/?p=576\" >\n\t\t\t\tAcad\u00e9micos UFRO participan en pasant\u00eda internacional para fortalecer la investigaci\u00f3n en la era del Tecnoceno\t\t\t<\/a>\n\t\t<\/h3>\n\t\t\t\t<div class=\"elementor-post__excerpt\">\n\t\t\t<p>Acad\u00e9micos UFRO participan en pasant\u00eda internacional para fortalecer la investigaci\u00f3n en la era del Tecnoceno Entre el 11 y el 17 de mayo de 2025,<\/p>\n\t\t<\/div>\n\t\t\t\t\t<div class=\"elementor-post__read-more-wrapper\">\n\t\t\n\t\t<a class=\"elementor-post__read-more\" href=\"https:\/\/odics.ufro.cl\/?p=576\" aria-label=\"Read more about Acad\u00e9micos UFRO participan en pasant\u00eda internacional para fortalecer la investigaci\u00f3n en la era del Tecnoceno\" tabindex=\"-1\" >\n\t\t\tLeer m\u00e1s\t\t<\/a>\n\n\t\t\t\t\t<\/div>\n\t\t\t\t<\/div>\n\t\t\t\t<div class=\"elementor-post__meta-data\">\n\t\t\t\t\t<span class=\"elementor-post-date\">\n\t\t\t10 de Julio de 2025\t\t<\/span>\n\t\t\t\t<span class=\"elementor-post-avatar\">\n\t\t\tSin Comentarios\t\t<\/span>\n\t\t\t\t<\/div>\n\t\t\t\t\t<\/div>\n\t\t<\/article>\n\t\t\t\t<article class=\"elementor-post elementor-grid-item post-568 post type-post status-publish format-standard has-post-thumbnail hentry category-sin-categoria\">\n\t\t\t<div class=\"elementor-post__card\">\n\t\t\t\t<a class=\"elementor-post__thumbnail__link\" href=\"https:\/\/odics.ufro.cl\/?p=568\" tabindex=\"-1\" ><div class=\"elementor-post__thumbnail\"><img loading=\"lazy\" decoding=\"async\" width=\"300\" height=\"144\" src=\"https:\/\/odics.ufro.cl\/wp-content\/uploads\/2025\/07\/6IMG-1-300x144.jpg\" class=\"attachment-medium size-medium wp-image-570\" alt=\"\" srcset=\"https:\/\/odics.ufro.cl\/wp-content\/uploads\/2025\/07\/6IMG-1-300x144.jpg 300w, https:\/\/odics.ufro.cl\/wp-content\/uploads\/2025\/07\/6IMG-1-1024x490.jpg 1024w, https:\/\/odics.ufro.cl\/wp-content\/uploads\/2025\/07\/6IMG-1-768x368.jpg 768w, https:\/\/odics.ufro.cl\/wp-content\/uploads\/2025\/07\/6IMG-1-1536x736.jpg 1536w, https:\/\/odics.ufro.cl\/wp-content\/uploads\/2025\/07\/6IMG-1-2048x981.jpg 2048w\" sizes=\"(max-width: 300px) 100vw, 300px\" \/><\/div><\/a>\n\t\t\t\t<div class=\"elementor-post__text\">\n\t\t\t\t<h3 class=\"elementor-post__title\">\n\t\t\t<a href=\"https:\/\/odics.ufro.cl\/?p=568\" >\n\t\t\t\tUFRO lanza nuevo \u00e1mbito investigativo con Observatorio de Innovaci\u00f3n Digital y Cambio Social\t\t\t<\/a>\n\t\t<\/h3>\n\t\t\t\t<div class=\"elementor-post__excerpt\">\n\t\t\t<p>UFRO lanza nuevo \u00e1mbito investigativo con Observatorio de Innovaci\u00f3n Digital y Cambio Social A comienzos de octubre se llev\u00f3 a cabo la\u00a0inauguraci\u00f3n del Observatorio de<\/p>\n\t\t<\/div>\n\t\t\t\t\t<div class=\"elementor-post__read-more-wrapper\">\n\t\t\n\t\t<a class=\"elementor-post__read-more\" href=\"https:\/\/odics.ufro.cl\/?p=568\" aria-label=\"Read more about UFRO lanza nuevo \u00e1mbito investigativo con Observatorio de Innovaci\u00f3n Digital y Cambio Social\" tabindex=\"-1\" >\n\t\t\tLeer m\u00e1s\t\t<\/a>\n\n\t\t\t\t\t<\/div>\n\t\t\t\t<\/div>\n\t\t\t\t<div class=\"elementor-post__meta-data\">\n\t\t\t\t\t<span class=\"elementor-post-date\">\n\t\t\t10 de Julio de 2025\t\t<\/span>\n\t\t\t\t<span class=\"elementor-post-avatar\">\n\t\t\tSin Comentarios\t\t<\/span>\n\t\t\t\t<\/div>\n\t\t\t\t\t<\/div>\n\t\t<\/article>\n\t\t\t\t<article class=\"elementor-post elementor-grid-item post-555 post type-post status-publish format-standard has-post-thumbnail hentry category-sin-categoria\">\n\t\t\t<div class=\"elementor-post__card\">\n\t\t\t\t<a class=\"elementor-post__thumbnail__link\" href=\"https:\/\/odics.ufro.cl\/?p=555\" tabindex=\"-1\" ><div class=\"elementor-post__thumbnail\"><img loading=\"lazy\" decoding=\"async\" width=\"300\" height=\"169\" src=\"https:\/\/odics.ufro.cl\/wp-content\/uploads\/2025\/07\/Alex1-1-300x169.jpg\" class=\"attachment-medium size-medium wp-image-547\" alt=\"\" srcset=\"https:\/\/odics.ufro.cl\/wp-content\/uploads\/2025\/07\/Alex1-1-300x169.jpg 300w, https:\/\/odics.ufro.cl\/wp-content\/uploads\/2025\/07\/Alex1-1-1024x576.jpg 1024w, https:\/\/odics.ufro.cl\/wp-content\/uploads\/2025\/07\/Alex1-1-768x432.jpg 768w, https:\/\/odics.ufro.cl\/wp-content\/uploads\/2025\/07\/Alex1-1-1536x864.jpg 1536w, https:\/\/odics.ufro.cl\/wp-content\/uploads\/2025\/07\/Alex1-1.jpg 2048w\" sizes=\"(max-width: 300px) 100vw, 300px\" \/><\/div><\/a>\n\t\t\t\t<div class=\"elementor-post__text\">\n\t\t\t\t<h3 class=\"elementor-post__title\">\n\t\t\t<a href=\"https:\/\/odics.ufro.cl\/?p=555\" >\n\t\t\t\tEl proyecto comienza a tomar forma: estudiante de iDEAUFRO lidera iniciativa para reducir brechas digitales en personas mayores con apoyo de IA\t\t\t<\/a>\n\t\t<\/h3>\n\t\t\t\t<div class=\"elementor-post__excerpt\">\n\t\t\t<p>El proyecto comienza a tomar forma: estudiante de iDEAUFRO lidera iniciativa para reducir brechas digitales en personas mayores con apoyo de IA El pasado martes<\/p>\n\t\t<\/div>\n\t\t\t\t\t<div class=\"elementor-post__read-more-wrapper\">\n\t\t\n\t\t<a class=\"elementor-post__read-more\" href=\"https:\/\/odics.ufro.cl\/?p=555\" aria-label=\"Read more about El proyecto comienza a tomar forma: estudiante de iDEAUFRO lidera iniciativa para reducir brechas digitales en personas mayores con apoyo de IA\" tabindex=\"-1\" >\n\t\t\tLeer m\u00e1s\t\t<\/a>\n\n\t\t\t\t\t<\/div>\n\t\t\t\t<\/div>\n\t\t\t\t<div class=\"elementor-post__meta-data\">\n\t\t\t\t\t<span class=\"elementor-post-date\">\n\t\t\t10 de Julio de 2025\t\t<\/span>\n\t\t\t\t<span class=\"elementor-post-avatar\">\n\t\t\tSin Comentarios\t\t<\/span>\n\t\t\t\t<\/div>\n\t\t\t\t\t<\/div>\n\t\t<\/article>\n\t\t\t\t<\/div>\n\t\t\n\t\t\t\t\t\t<\/div>\n\t\t\t\t<\/div>\n\t\t\t\t<\/div>\n\t\t\t\t\t<\/div>\n\t\t\t\t<\/div>\n\t\t\t\t<\/div>\n\t\t","protected":false},"excerpt":{"rendered":"<p>Observatorio en Innovaci\u00f3n Digital y Cambio Social El observatorio Nace a prop\u00f3sito de la irrupci\u00f3n de las tecnolog\u00edas, especialmente la inteligencia artificial (IA) y plataformas infocomunicacionales, una cantidad creciente de \u00e1reas productivas y humanas, lo cual impacta en los procesos y la calidad de vida de las personas. Descripci\u00f3n Es un equipo colaborativo e interdisciplinario [&hellip;]<\/p>\n","protected":false},"author":1,"featured_media":0,"parent":0,"menu_order":0,"comment_status":"closed","ping_status":"closed","template":"","meta":{"footnotes":""},"class_list":["post-8","page","type-page","status-publish","hentry"],"_links":{"self":[{"href":"https:\/\/odics.ufro.cl\/index.php?rest_route=\/wp\/v2\/pages\/8","targetHints":{"allow":["GET"]}}],"collection":[{"href":"https:\/\/odics.ufro.cl\/index.php?rest_route=\/wp\/v2\/pages"}],"about":[{"href":"https:\/\/odics.ufro.cl\/index.php?rest_route=\/wp\/v2\/types\/page"}],"author":[{"embeddable":true,"href":"https:\/\/odics.ufro.cl\/index.php?rest_route=\/wp\/v2\/users\/1"}],"replies":[{"embeddable":true,"href":"https:\/\/odics.ufro.cl\/index.php?rest_route=%2Fwp%2Fv2%2Fcomments&post=8"}],"version-history":[{"count":303,"href":"https:\/\/odics.ufro.cl\/index.php?rest_route=\/wp\/v2\/pages\/8\/revisions"}],"predecessor-version":[{"id":563,"href":"https:\/\/odics.ufro.cl\/index.php?rest_route=\/wp\/v2\/pages\/8\/revisions\/563"}],"wp:attachment":[{"href":"https:\/\/odics.ufro.cl\/index.php?rest_route=%2Fwp%2Fv2%2Fmedia&parent=8"}],"curies":[{"name":"wp","href":"https:\/\/api.w.org\/{rel}","templated":true}]}}