{"id":522,"date":"2025-07-10T17:58:46","date_gmt":"2025-07-10T20:58:46","guid":{"rendered":"https:\/\/odics.ufro.cl\/?page_id=522"},"modified":"2025-07-17T16:22:28","modified_gmt":"2025-07-17T19:22:28","slug":"fovi","status":"publish","type":"page","link":"https:\/\/odics.ufro.cl\/?page_id=522","title":{"rendered":"FOVI"},"content":{"rendered":"\t\t<div data-elementor-type=\"wp-page\" data-elementor-id=\"522\" class=\"elementor elementor-522\" data-elementor-post-type=\"page\">\n\t\t\t\t<div class=\"elementor-element elementor-element-2bbc772 e-flex e-con-boxed e-con e-parent\" data-id=\"2bbc772\" data-element_type=\"container\" data-settings=\"{&quot;background_background&quot;:&quot;classic&quot;}\">\n\t\t\t\t\t<div class=\"e-con-inner\">\n\t\t<div class=\"elementor-element elementor-element-da188d0 e-con-full e-flex e-con e-child\" data-id=\"da188d0\" data-element_type=\"container\">\n\t\t\t\t<div class=\"elementor-element elementor-element-af9ee5c elementor-widget elementor-widget-heading\" data-id=\"af9ee5c\" data-element_type=\"widget\" data-widget_type=\"heading.default\">\n\t\t\t\t<div class=\"elementor-widget-container\">\n\t\t\t\t\t<h2 class=\"elementor-heading-title elementor-size-default\">Fortalecer la vinculaci\u00f3n de Universidades para la investigaci\u00f3n en la era del Tecnoceno, FOVI240285<\/h2>\t\t\t\t<\/div>\n\t\t\t\t<\/div>\n\t\t\t\t<\/div>\n\t\t\t\t\t<\/div>\n\t\t\t\t<\/div>\n\t\t<div class=\"elementor-element elementor-element-8ec944c e-flex e-con-boxed e-con e-parent\" data-id=\"8ec944c\" data-element_type=\"container\">\n\t\t\t\t\t<div class=\"e-con-inner\">\n\t\t<div class=\"elementor-element elementor-element-4cad76f e-con-full e-flex e-con e-child\" data-id=\"4cad76f\" data-element_type=\"container\">\n\t\t\t\t<div class=\"elementor-element elementor-element-eacc107 elementor-hidden-mobile elementor-widget-divider--view-line elementor-widget elementor-widget-divider\" data-id=\"eacc107\" data-element_type=\"widget\" data-widget_type=\"divider.default\">\n\t\t\t\t<div class=\"elementor-widget-container\">\n\t\t\t\t\t\t\t<div class=\"elementor-divider\">\n\t\t\t<span class=\"elementor-divider-separator\">\n\t\t\t\t\t\t<\/span>\n\t\t<\/div>\n\t\t\t\t\t\t<\/div>\n\t\t\t\t<\/div>\n\t\t\t\t<div class=\"elementor-element elementor-element-d08bc0b elementor-hidden-desktop elementor-hidden-tablet elementor-widget elementor-widget-spacer\" data-id=\"d08bc0b\" data-element_type=\"widget\" data-widget_type=\"spacer.default\">\n\t\t\t\t<div class=\"elementor-widget-container\">\n\t\t\t\t\t\t\t<div class=\"elementor-spacer\">\n\t\t\t<div class=\"elementor-spacer-inner\"><\/div>\n\t\t<\/div>\n\t\t\t\t\t\t<\/div>\n\t\t\t\t<\/div>\n\t\t\t\t<div class=\"elementor-element elementor-element-33a82bb elementor-widget elementor-widget-text-editor\" data-id=\"33a82bb\" data-element_type=\"widget\" data-widget_type=\"text-editor.default\">\n\t\t\t\t<div class=\"elementor-widget-container\">\n\t\t\t\t\t\t\t\t\t<p style=\"font-weight: 400;\">El objetivo central de este proyecto es fortalecer la innovaci\u00f3n en investigaciones colaborativas trans e interdisciplinarias de la Red Internacional del Tecnoceno, enfoc\u00e1ndose en los impactos sociales mediados por Tecnolog\u00edas Digitales. Se presta especial atenci\u00f3n a los procesos comunicativos, marcos regulatorios y planteamientos \u00e9ticos que estas tecnolog\u00edas conllevan.<\/p><p style=\"font-weight: 400;\">El proyecto busca identificar y precisar t\u00e9rminos, conceptos y significados asociados a las tecnolog\u00edas del ecosistema digital para acortar brechas de conocimiento transversal entre investigadores universitarios. Esto contribuir\u00e1 a unificar el lenguaje y los conceptos utilizados en distintos campos expertos.<\/p><p style=\"font-weight: 400;\">Durante su desarrollo, se analizar\u00e1n las relaciones e impactos de las Tecnolog\u00edas Digitales en personas, sociedades y medioambiente desde un enfoque trans e interdisciplinario. Esto ayudar\u00e1 en la formaci\u00f3n de capital humano e investigaciones de alto nivel, promoviendo un pensamiento cr\u00edtico, creativo, colaborativo e intercultural. Tambi\u00e9n se sistematizar\u00e1 informaci\u00f3n validada sobre los impactos de la transformaci\u00f3n tecnol\u00f3gica para ser socializada a trav\u00e9s de un Observatorio Tem\u00e1tico y otras v\u00edas de difusi\u00f3n. Esto orientar\u00e1 a profesionales y especialistas, adem\u00e1s de aportar a repositorios de Ciencia Abierta.<\/p><p style=\"font-weight: 400;\">Como resultados tangibles del proyecto, se generar\u00e1n programas y encuentros que vinculen a investigadores de la Red Internacional de Tecnoceno y la comunidad local, fomentando la comunicaci\u00f3n cient\u00edfica y la transferencia de conocimientos, al tiempo que se promover\u00e1n alianzas estrat\u00e9gicas internacionales y colaboraci\u00f3n en investigaciones trans e interdisciplinarias del Doctorado en Comunicaci\u00f3n UFRO\/UACH y del Instituto de Innovaci\u00f3n y Emprendimiento iDEAUFRO, mediante intercambios de saberes entre investigadores.<\/p>\t\t\t\t\t\t\t\t<\/div>\n\t\t\t\t<\/div>\n\t\t\t\t<div class=\"elementor-element elementor-element-254f6fd elementor-widget elementor-widget-spacer\" data-id=\"254f6fd\" data-element_type=\"widget\" data-widget_type=\"spacer.default\">\n\t\t\t\t<div class=\"elementor-widget-container\">\n\t\t\t\t\t\t\t<div class=\"elementor-spacer\">\n\t\t\t<div class=\"elementor-spacer-inner\"><\/div>\n\t\t<\/div>\n\t\t\t\t\t\t<\/div>\n\t\t\t\t<\/div>\n\t\t\t\t<\/div>\n\t\t\t\t\t<\/div>\n\t\t\t\t<\/div>\n\t\t\t\t<\/div>\n\t\t","protected":false},"excerpt":{"rendered":"<p>Fortalecer la vinculaci\u00f3n de Universidades para la investigaci\u00f3n en la era del Tecnoceno, FOVI240285 El objetivo central de este proyecto es fortalecer la innovaci\u00f3n en investigaciones colaborativas trans e interdisciplinarias de la Red Internacional del Tecnoceno, enfoc\u00e1ndose en los impactos sociales mediados por Tecnolog\u00edas Digitales. Se presta especial atenci\u00f3n a los procesos comunicativos, marcos regulatorios [&hellip;]<\/p>\n","protected":false},"author":1,"featured_media":0,"parent":0,"menu_order":0,"comment_status":"closed","ping_status":"closed","template":"","meta":{"footnotes":""},"class_list":["post-522","page","type-page","status-publish","hentry"],"_links":{"self":[{"href":"https:\/\/odics.ufro.cl\/index.php?rest_route=\/wp\/v2\/pages\/522","targetHints":{"allow":["GET"]}}],"collection":[{"href":"https:\/\/odics.ufro.cl\/index.php?rest_route=\/wp\/v2\/pages"}],"about":[{"href":"https:\/\/odics.ufro.cl\/index.php?rest_route=\/wp\/v2\/types\/page"}],"author":[{"embeddable":true,"href":"https:\/\/odics.ufro.cl\/index.php?rest_route=\/wp\/v2\/users\/1"}],"replies":[{"embeddable":true,"href":"https:\/\/odics.ufro.cl\/index.php?rest_route=%2Fwp%2Fv2%2Fcomments&post=522"}],"version-history":[{"count":7,"href":"https:\/\/odics.ufro.cl\/index.php?rest_route=\/wp\/v2\/pages\/522\/revisions"}],"predecessor-version":[{"id":611,"href":"https:\/\/odics.ufro.cl\/index.php?rest_route=\/wp\/v2\/pages\/522\/revisions\/611"}],"wp:attachment":[{"href":"https:\/\/odics.ufro.cl\/index.php?rest_route=%2Fwp%2Fv2%2Fmedia&parent=522"}],"curies":[{"name":"wp","href":"https:\/\/api.w.org\/{rel}","templated":true}]}}