{"id":371,"date":"2025-06-19T11:20:19","date_gmt":"2025-06-19T14:20:19","guid":{"rendered":"https:\/\/odics.ufro.cl\/?page_id=371"},"modified":"2025-07-07T11:52:52","modified_gmt":"2025-07-07T14:52:52","slug":"mision","status":"publish","type":"page","link":"https:\/\/odics.ufro.cl\/?page_id=371","title":{"rendered":"Nosotros"},"content":{"rendered":"\t\t<div data-elementor-type=\"wp-page\" data-elementor-id=\"371\" class=\"elementor elementor-371\" data-elementor-post-type=\"page\">\n\t\t\t\t<div class=\"elementor-element elementor-element-fb55835 e-flex e-con-boxed e-con e-parent\" data-id=\"fb55835\" data-element_type=\"container\" data-settings=\"{&quot;background_background&quot;:&quot;classic&quot;}\">\n\t\t\t\t\t<div class=\"e-con-inner\">\n\t\t<div class=\"elementor-element elementor-element-f09a4cf e-con-full e-flex e-con e-child\" data-id=\"f09a4cf\" data-element_type=\"container\" data-settings=\"{&quot;background_background&quot;:&quot;classic&quot;}\">\n\t\t<div class=\"elementor-element elementor-element-dd4488a e-con-full e-flex e-con e-child\" data-id=\"dd4488a\" data-element_type=\"container\">\n\t\t\t\t<div class=\"elementor-element elementor-element-1d528aa elementor-widget__width-initial elementor-widget elementor-widget-heading\" data-id=\"1d528aa\" data-element_type=\"widget\" data-widget_type=\"heading.default\">\n\t\t\t\t<div class=\"elementor-widget-container\">\n\t\t\t\t\t<h2 class=\"elementor-heading-title elementor-size-default\">Nuestra misi\u00f3n<\/h2>\t\t\t\t<\/div>\n\t\t\t\t<\/div>\n\t\t<div class=\"elementor-element elementor-element-734f7fb e-con-full e-flex e-con e-child\" data-id=\"734f7fb\" data-element_type=\"container\">\n\t\t\t\t<div class=\"elementor-element elementor-element-5c06543 elementor-widget__width-initial elementor-widget elementor-widget-text-editor\" data-id=\"5c06543\" data-element_type=\"widget\" data-widget_type=\"text-editor.default\">\n\t\t\t\t<div class=\"elementor-widget-container\">\n\t\t\t\t\t\t\t\t\t<p>La misi\u00f3n es aportar al desarrollo y fortalecimiento del ecosistema de innovaci\u00f3n y a procesos virtuosos de cambio social, a trav\u00e9s de la generaci\u00f3n y transferencia de conocimiento en l\u00edneas de investigaci\u00f3n colaborativa como: legislaci\u00f3n nacional e internacional sobre herramientas digitales; casos fallidos tecnol\u00f3gicos; \u00e9tica y tecnolog\u00eda; seguridad de datos y protocolos; y nuevas plataformas y formas de comunicaci\u00f3n.<\/p>\t\t\t\t\t\t\t\t<\/div>\n\t\t\t\t<\/div>\n\t\t\t\t<\/div>\n\t\t\t\t<\/div>\n\t\t\t\t<\/div>\n\t\t\t\t\t<\/div>\n\t\t\t\t<\/div>\n\t\t<div class=\"elementor-element elementor-element-137ee72 e-flex e-con-boxed e-con e-parent\" data-id=\"137ee72\" data-element_type=\"container\" data-settings=\"{&quot;background_background&quot;:&quot;classic&quot;}\">\n\t\t\t\t\t<div class=\"e-con-inner\">\n\t\t<div class=\"elementor-element elementor-element-1425fe7 e-con-full e-flex e-con e-child\" data-id=\"1425fe7\" data-element_type=\"container\" data-settings=\"{&quot;background_background&quot;:&quot;classic&quot;}\">\n\t\t<div class=\"elementor-element elementor-element-bdbaad7 e-con-full e-flex e-con e-child\" data-id=\"bdbaad7\" data-element_type=\"container\">\n\t\t\t\t<div class=\"elementor-element elementor-element-72d0b3b elementor-widget__width-initial elementor-widget elementor-widget-heading\" data-id=\"72d0b3b\" data-element_type=\"widget\" data-widget_type=\"heading.default\">\n\t\t\t\t<div class=\"elementor-widget-container\">\n\t\t\t\t\t<h2 class=\"elementor-heading-title elementor-size-default\">Objetivo general<\/h2>\t\t\t\t<\/div>\n\t\t\t\t<\/div>\n\t\t<div class=\"elementor-element elementor-element-f294767 e-con-full e-flex e-con e-child\" data-id=\"f294767\" data-element_type=\"container\">\n\t\t\t\t<div class=\"elementor-element elementor-element-d878c4b elementor-widget__width-initial elementor-widget elementor-widget-text-editor\" data-id=\"d878c4b\" data-element_type=\"widget\" data-widget_type=\"text-editor.default\">\n\t\t\t\t<div class=\"elementor-widget-container\">\n\t\t\t\t\t\t\t\t\t<p>Producir conocimiento en forma continua sobre ecosistemas digitales y sus repercusiones en procesos sociales, hist\u00f3ricos y culturales concretos, a trav\u00e9s de una red interdisciplinaria, colaborativa de investigadores y profesionales que generen la transferencia del conocimiento y el fortalecimiento de capacidades en instituciones y comunidades locales y globales, favoreciendo la disminuci\u00f3n de brechas existentes asociadas a g\u00e9nero y otras variables sociales relevantes para\u00a0 su utilizaci\u00f3n en investigaci\u00f3n, en nuevos desarrollos, formaci\u00f3n y toma de decisiones gubernamentales<\/p>\t\t\t\t\t\t\t\t<\/div>\n\t\t\t\t<\/div>\n\t\t\t\t<\/div>\n\t\t\t\t<\/div>\n\t\t\t\t<\/div>\n\t\t\t\t\t<\/div>\n\t\t\t\t<\/div>\n\t\t<div class=\"elementor-element elementor-element-b4cc771 e-flex e-con-boxed e-con e-parent\" data-id=\"b4cc771\" data-element_type=\"container\">\n\t\t\t\t\t<div class=\"e-con-inner\">\n\t\t\t\t\t<\/div>\n\t\t\t\t<\/div>\n\t\t\t\t<\/div>\n\t\t","protected":false},"excerpt":{"rendered":"<p>Nuestra misi\u00f3n La misi\u00f3n es aportar al desarrollo y fortalecimiento del ecosistema de innovaci\u00f3n y a procesos virtuosos de cambio social, a trav\u00e9s de la generaci\u00f3n y transferencia de conocimiento en l\u00edneas de investigaci\u00f3n colaborativa como: legislaci\u00f3n nacional e internacional sobre herramientas digitales; casos fallidos tecnol\u00f3gicos; \u00e9tica y tecnolog\u00eda; seguridad de datos y protocolos; y [&hellip;]<\/p>\n","protected":false},"author":1,"featured_media":0,"parent":0,"menu_order":0,"comment_status":"closed","ping_status":"closed","template":"","meta":{"footnotes":""},"class_list":["post-371","page","type-page","status-publish","hentry"],"_links":{"self":[{"href":"https:\/\/odics.ufro.cl\/index.php?rest_route=\/wp\/v2\/pages\/371","targetHints":{"allow":["GET"]}}],"collection":[{"href":"https:\/\/odics.ufro.cl\/index.php?rest_route=\/wp\/v2\/pages"}],"about":[{"href":"https:\/\/odics.ufro.cl\/index.php?rest_route=\/wp\/v2\/types\/page"}],"author":[{"embeddable":true,"href":"https:\/\/odics.ufro.cl\/index.php?rest_route=\/wp\/v2\/users\/1"}],"replies":[{"embeddable":true,"href":"https:\/\/odics.ufro.cl\/index.php?rest_route=%2Fwp%2Fv2%2Fcomments&post=371"}],"version-history":[{"count":50,"href":"https:\/\/odics.ufro.cl\/index.php?rest_route=\/wp\/v2\/pages\/371\/revisions"}],"predecessor-version":[{"id":455,"href":"https:\/\/odics.ufro.cl\/index.php?rest_route=\/wp\/v2\/pages\/371\/revisions\/455"}],"wp:attachment":[{"href":"https:\/\/odics.ufro.cl\/index.php?rest_route=%2Fwp%2Fv2%2Fmedia&parent=371"}],"curies":[{"name":"wp","href":"https:\/\/api.w.org\/{rel}","templated":true}]}}